{"id":24,"date":"2020-09-30T08:49:30","date_gmt":"2020-09-30T08:49:30","guid":{"rendered":"http:\/\/reitanlage-zur-alten-saege.de\/?page_id=24"},"modified":"2020-09-30T11:28:59","modified_gmt":"2020-09-30T11:28:59","slug":"ueber-uns","status":"publish","type":"page","link":"http:\/\/reitanlage-zur-alten-saege.de\/?page_id=24","title":{"rendered":"\u00dcber uns"},"content":{"rendered":"\n<p>Die Reitanlage zur alten S\u00e4ge ist idyllisch an der Roth in Nersingen \/ Stra\u00df gelegen.<br>Wir bieten 25 Au\u00dfen- und Innenboxen mit (Matsch-) Paddock, sowie eine Reithalle mit TerraTex Boden, Au\u00dfenplatz und Koppeln. Au\u00dferdem bieten wir Vollpension,  ein Laufband, Solarium und regelm\u00e4\u00dfig stattfindende Dressur- und Springstunden, einen Wassereinritt sowie ein sch\u00f6nes Ausreitgel\u00e4nde und eine kleine Stallgemeinschaft.<\/p>\n\n\n\n<p>Wir haben immer wieder Boxen frei &#8211; bei interesse einfach unter 01715570604 Werner Haug melden.<\/p>\n","protected":false},"excerpt":{"rendered":"<p>Die Reitanlage zur alten S\u00e4ge ist idyllisch an der Roth in Nersingen \/ Stra\u00df gelegen.Wir bieten 25 Au\u00dfen- und Innenboxen mit (Matsch-) Paddock, sowie eine Reithalle mit TerraTex Boden, Au\u00dfenplatz und Koppeln. Au\u00dferdem bieten wir Vollpension, ein Laufband, Solarium und regelm\u00e4\u00dfig stattfindende Dressur- und Springstunden, einen Wassereinritt sowie ein sch\u00f6nes Ausreitgel\u00e4nde und eine kleine Stallgemeinschaft. &hellip; <a href=\"http:\/\/reitanlage-zur-alten-saege.de\/?page_id=24\" class=\"more-link\"><span class=\"screen-reader-text\">\u00dcber uns<\/span> weiterlesen<\/a><\/p>\n","protected":false},"author":1,"featured_media":34,"parent":0,"menu_order":0,"comment_status":"closed","ping_status":"closed","template":"","meta":[],"_links":{"self":[{"href":"http:\/\/reitanlage-zur-alten-saege.de\/index.php?rest_route=\/wp\/v2\/pages\/24"}],"collection":[{"href":"http:\/\/reitanlage-zur-alten-saege.de\/index.php?rest_route=\/wp\/v2\/pages"}],"about":[{"href":"http:\/\/reitanlage-zur-alten-saege.de\/index.php?rest_route=\/wp\/v2\/types\/page"}],"author":[{"embeddable":true,"href":"http:\/\/reitanlage-zur-alten-saege.de\/index.php?rest_route=\/wp\/v2\/users\/1"}],"replies":[{"embeddable":true,"href":"http:\/\/reitanlage-zur-alten-saege.de\/index.php?rest_route=%2Fwp%2Fv2%2Fcomments&post=24"}],"version-history":[{"count":1,"href":"http:\/\/reitanlage-zur-alten-saege.de\/index.php?rest_route=\/wp\/v2\/pages\/24\/revisions"}],"predecessor-version":[{"id":25,"href":"http:\/\/reitanlage-zur-alten-saege.de\/index.php?rest_route=\/wp\/v2\/pages\/24\/revisions\/25"}],"wp:featuredmedia":[{"embeddable":true,"href":"http:\/\/reitanlage-zur-alten-saege.de\/index.php?rest_route=\/wp\/v2\/media\/34"}],"wp:attachment":[{"href":"http:\/\/reitanlage-zur-alten-saege.de\/index.php?rest_route=%2Fwp%2Fv2%2Fmedia&parent=24"}],"curies":[{"name":"wp","href":"https:\/\/api.w.org\/{rel}","templated":true}]}}